{"id":5307,"date":"2021-05-20T18:47:36","date_gmt":"2021-05-20T18:47:36","guid":{"rendered":"https:\/\/acontermica.es\/wp-content\/uploads\/2021\/05\/fachada_sky.jpg"},"modified":"2021-07-08T17:33:40","modified_gmt":"2021-07-08T17:33:40","slug":"fachada_sky-2","status":"inherit","type":"attachment","link":"https:\/\/acontermica.es\/en\/eifs\/fachada_sky-2\/","title":{"rendered":"fachada_sky"},"author":2,"featured_media":0,"comment_status":"closed","ping_status":"closed","template":"","meta":[],"class_list":["post-5307","attachment","type-attachment","status-inherit","hentry"],"yoast_head":"<!-- This site is optimized with the Yoast SEO plugin v27.5 - https:\/\/yoast.com\/product\/yoast-seo-wordpress\/ -->\n<title>fachada_sky - Servicio T\u00e9cnico Daikin M\u00e1laga. Acontermica.<\/title>\n<meta name=\"robots\" content=\"index, follow, max-snippet:-1, max-image-preview:large, max-video-preview:-1\" \/>\n<link rel=\"canonical\" href=\"https:\/\/acontermica.es\/wp-content\/uploads\/2021\/05\/fachada_sky.jpg\" \/>\n<meta property=\"og:locale\" content=\"en_US\" \/>\n<meta property=\"og:type\" content=\"article\" \/>\n<meta property=\"og:title\" content=\"fachada_sky - Servicio T\u00e9cnico Daikin M\u00e1laga. Acontermica.\" \/>\n<meta property=\"og:url\" content=\"https:\/\/acontermica.es\/wp-content\/uploads\/2021\/05\/fachada_sky.jpg\" \/>\n<meta property=\"og:site_name\" content=\"Servicio T\u00e9cnico Daikin M\u00e1laga. Acontermica.\" \/>\n<meta property=\"article:publisher\" content=\"https:\/\/www.facebook.com\/acontermica\" \/>\n<meta property=\"article:modified_time\" content=\"2021-07-08T17:33:40+00:00\" \/>\n<meta property=\"og:image\" content=\"https:\/\/acontermica.es\/wp-content\/uploads\/2021\/05\/fachada_sky.jpg\" \/>\n\t<meta property=\"og:image:width\" content=\"1901\" \/>\n\t<meta property=\"og:image:height\" content=\"1300\" \/>\n\t<meta property=\"og:image:type\" content=\"image\/jpeg\" \/>\n<meta name=\"twitter:card\" content=\"summary_large_image\" \/>\n<script type=\"application\/ld+json\" class=\"yoast-schema-graph\">{\"@context\":\"https:\\\/\\\/schema.org\",\"@graph\":[{\"@type\":\"WebPage\",\"@id\":\"https:\\\/\\\/acontermica.es\\\/wp-content\\\/uploads\\\/2021\\\/05\\\/fachada_sky.jpg\",\"url\":\"https:\\\/\\\/acontermica.es\\\/wp-content\\\/uploads\\\/2021\\\/05\\\/fachada_sky.jpg\",\"name\":\"fachada_sky - Servicio T\u00e9cnico Daikin M\u00e1laga. Acontermica.\",\"isPartOf\":{\"@id\":\"https:\\\/\\\/acontermica.es\\\/#website\"},\"datePublished\":\"2021-05-20T18:47:36+00:00\",\"dateModified\":\"2021-07-08T17:33:40+00:00\",\"breadcrumb\":{\"@id\":\"https:\\\/\\\/acontermica.es\\\/wp-content\\\/uploads\\\/2021\\\/05\\\/fachada_sky.jpg#breadcrumb\"},\"inLanguage\":\"en-US\",\"potentialAction\":[{\"@type\":\"ReadAction\",\"target\":[\"https:\\\/\\\/acontermica.es\\\/wp-content\\\/uploads\\\/2021\\\/05\\\/fachada_sky.jpg\"]}]},{\"@type\":\"BreadcrumbList\",\"@id\":\"https:\\\/\\\/acontermica.es\\\/wp-content\\\/uploads\\\/2021\\\/05\\\/fachada_sky.jpg#breadcrumb\",\"itemListElement\":[{\"@type\":\"ListItem\",\"position\":1,\"name\":\"Portada\",\"item\":\"https:\\\/\\\/acontermica.es\\\/en\\\/\"},{\"@type\":\"ListItem\",\"position\":2,\"name\":\"EIFS\",\"item\":\"https:\\\/\\\/acontermica.es\\\/en\\\/eifs\\\/\"},{\"@type\":\"ListItem\",\"position\":3,\"name\":\"fachada_sky\"}]},{\"@type\":\"WebSite\",\"@id\":\"https:\\\/\\\/acontermica.es\\\/#website\",\"url\":\"https:\\\/\\\/acontermica.es\\\/\",\"name\":\"Servicio T\u00e9cnico Daikin M\u00e1laga. Acontermica.\",\"description\":\"Climatizaci\u00f3n, Aire acondicionado, M\u00e1laga\",\"potentialAction\":[{\"@type\":\"SearchAction\",\"target\":{\"@type\":\"EntryPoint\",\"urlTemplate\":\"https:\\\/\\\/acontermica.es\\\/?s={search_term_string}\"},\"query-input\":{\"@type\":\"PropertyValueSpecification\",\"valueRequired\":true,\"valueName\":\"search_term_string\"}}],\"inLanguage\":\"en-US\"}]}<\/script>\n<!-- \/ Yoast SEO plugin. -->","yoast_head_json":{"title":"fachada_sky - Servicio T\u00e9cnico Daikin M\u00e1laga. Acontermica.","robots":{"index":"index","follow":"follow","max-snippet":"max-snippet:-1","max-image-preview":"max-image-preview:large","max-video-preview":"max-video-preview:-1"},"canonical":"https:\/\/acontermica.es\/wp-content\/uploads\/2021\/05\/fachada_sky.jpg","og_locale":"en_US","og_type":"article","og_title":"fachada_sky - Servicio T\u00e9cnico Daikin M\u00e1laga. Acontermica.","og_url":"https:\/\/acontermica.es\/wp-content\/uploads\/2021\/05\/fachada_sky.jpg","og_site_name":"Servicio T\u00e9cnico Daikin M\u00e1laga. Acontermica.","article_publisher":"https:\/\/www.facebook.com\/acontermica","article_modified_time":"2021-07-08T17:33:40+00:00","og_image":[{"width":1901,"height":1300,"url":"https:\/\/acontermica.es\/wp-content\/uploads\/2021\/05\/fachada_sky.jpg","type":"image\/jpeg"}],"twitter_card":"summary_large_image","schema":{"@context":"https:\/\/schema.org","@graph":[{"@type":"WebPage","@id":"https:\/\/acontermica.es\/wp-content\/uploads\/2021\/05\/fachada_sky.jpg","url":"https:\/\/acontermica.es\/wp-content\/uploads\/2021\/05\/fachada_sky.jpg","name":"fachada_sky - Servicio T\u00e9cnico Daikin M\u00e1laga. Acontermica.","isPartOf":{"@id":"https:\/\/acontermica.es\/#website"},"datePublished":"2021-05-20T18:47:36+00:00","dateModified":"2021-07-08T17:33:40+00:00","breadcrumb":{"@id":"https:\/\/acontermica.es\/wp-content\/uploads\/2021\/05\/fachada_sky.jpg#breadcrumb"},"inLanguage":"en-US","potentialAction":[{"@type":"ReadAction","target":["https:\/\/acontermica.es\/wp-content\/uploads\/2021\/05\/fachada_sky.jpg"]}]},{"@type":"BreadcrumbList","@id":"https:\/\/acontermica.es\/wp-content\/uploads\/2021\/05\/fachada_sky.jpg#breadcrumb","itemListElement":[{"@type":"ListItem","position":1,"name":"Portada","item":"https:\/\/acontermica.es\/en\/"},{"@type":"ListItem","position":2,"name":"EIFS","item":"https:\/\/acontermica.es\/en\/eifs\/"},{"@type":"ListItem","position":3,"name":"fachada_sky"}]},{"@type":"WebSite","@id":"https:\/\/acontermica.es\/#website","url":"https:\/\/acontermica.es\/","name":"Servicio T\u00e9cnico Daikin M\u00e1laga. Acontermica.","description":"Climatizaci\u00f3n, Aire acondicionado, M\u00e1laga","potentialAction":[{"@type":"SearchAction","target":{"@type":"EntryPoint","urlTemplate":"https:\/\/acontermica.es\/?s={search_term_string}"},"query-input":{"@type":"PropertyValueSpecification","valueRequired":true,"valueName":"search_term_string"}}],"inLanguage":"en-US"}]}},"description":{"rendered":"<p class=\"attachment\"><a href='https:\/\/acontermica.es\/wp-content\/uploads\/2021\/05\/fachada_sky.jpg'><img loading=\"lazy\" decoding=\"async\" width=\"300\" height=\"205\" src=\"https:\/\/acontermica.es\/wp-content\/uploads\/2021\/05\/fachada_sky-300x205.jpg\" class=\"attachment-medium size-medium\" alt=\"\" srcset=\"https:\/\/acontermica.es\/wp-content\/uploads\/2021\/05\/fachada_sky-300x205.jpg 300w, https:\/\/acontermica.es\/wp-content\/uploads\/2021\/05\/fachada_sky-1030x704.jpg 1030w, https:\/\/acontermica.es\/wp-content\/uploads\/2021\/05\/fachada_sky-768x525.jpg 768w, https:\/\/acontermica.es\/wp-content\/uploads\/2021\/05\/fachada_sky-1536x1050.jpg 1536w, https:\/\/acontermica.es\/wp-content\/uploads\/2021\/05\/fachada_sky-1500x1026.jpg 1500w, https:\/\/acontermica.es\/wp-content\/uploads\/2021\/05\/fachada_sky-705x482.jpg 705w, https:\/\/acontermica.es\/wp-content\/uploads\/2021\/05\/fachada_sky.jpg 1901w\" sizes=\"auto, (max-width: 300px) 100vw, 300px\" \/><\/a><\/p>\n"},"caption":{"rendered":""},"alt_text":"","media_type":"image","mime_type":"image\/jpeg","media_details":{"width":1901,"height":1300,"file":"2021\/05\/fachada_sky.jpg","sizes":{"medium":{"file":"fachada_sky-300x205.jpg","width":300,"height":205,"mime_type":"image\/jpeg","source_url":"https:\/\/acontermica.es\/wp-content\/uploads\/2021\/05\/fachada_sky-300x205.jpg"},"large":{"file":"fachada_sky-1030x704.jpg","width":1030,"height":704,"mime_type":"image\/jpeg","source_url":"https:\/\/acontermica.es\/wp-content\/uploads\/2021\/05\/fachada_sky-1030x704.jpg"},"thumbnail":{"file":"fachada_sky-80x80.jpg","width":80,"height":80,"mime_type":"image\/jpeg","source_url":"https:\/\/acontermica.es\/wp-content\/uploads\/2021\/05\/fachada_sky-80x80.jpg"},"medium_large":{"file":"fachada_sky-768x525.jpg","width":768,"height":525,"mime_type":"image\/jpeg","source_url":"https:\/\/acontermica.es\/wp-content\/uploads\/2021\/05\/fachada_sky-768x525.jpg"},"1536x1536":{"file":"fachada_sky-1536x1050.jpg","width":1536,"height":1050,"mime_type":"image\/jpeg","source_url":"https:\/\/acontermica.es\/wp-content\/uploads\/2021\/05\/fachada_sky-1536x1050.jpg"},"widget":{"file":"fachada_sky-36x36.jpg","width":36,"height":36,"mime_type":"image\/jpeg","source_url":"https:\/\/acontermica.es\/wp-content\/uploads\/2021\/05\/fachada_sky-36x36.jpg"},"square":{"file":"fachada_sky-180x180.jpg","width":180,"height":180,"mime_type":"image\/jpeg","source_url":"https:\/\/acontermica.es\/wp-content\/uploads\/2021\/05\/fachada_sky-180x180.jpg"},"featured":{"file":"fachada_sky-1500x430.jpg","width":1500,"height":430,"mime_type":"image\/jpeg","source_url":"https:\/\/acontermica.es\/wp-content\/uploads\/2021\/05\/fachada_sky-1500x430.jpg"},"featured_large":{"file":"fachada_sky-1500x630.jpg","width":1500,"height":630,"mime_type":"image\/jpeg","source_url":"https:\/\/acontermica.es\/wp-content\/uploads\/2021\/05\/fachada_sky-1500x630.jpg"},"extra_large":{"file":"fachada_sky-1500x1026.jpg","width":1500,"height":1026,"mime_type":"image\/jpeg","source_url":"https:\/\/acontermica.es\/wp-content\/uploads\/2021\/05\/fachada_sky-1500x1026.jpg"},"portfolio":{"file":"fachada_sky-495x400.jpg","width":495,"height":400,"mime_type":"image\/jpeg","source_url":"https:\/\/acontermica.es\/wp-content\/uploads\/2021\/05\/fachada_sky-495x400.jpg"},"portfolio_small":{"file":"fachada_sky-260x185.jpg","width":260,"height":185,"mime_type":"image\/jpeg","source_url":"https:\/\/acontermica.es\/wp-content\/uploads\/2021\/05\/fachada_sky-260x185.jpg"},"gallery":{"file":"fachada_sky-845x684.jpg","width":845,"height":684,"mime_type":"image\/jpeg","source_url":"https:\/\/acontermica.es\/wp-content\/uploads\/2021\/05\/fachada_sky-845x684.jpg"},"magazine":{"file":"fachada_sky-710x375.jpg","width":710,"height":375,"mime_type":"image\/jpeg","source_url":"https:\/\/acontermica.es\/wp-content\/uploads\/2021\/05\/fachada_sky-710x375.jpg"},"masonry":{"file":"fachada_sky-705x482.jpg","width":705,"height":482,"mime_type":"image\/jpeg","source_url":"https:\/\/acontermica.es\/wp-content\/uploads\/2021\/05\/fachada_sky-705x482.jpg"},"entry_with_sidebar":{"file":"fachada_sky-845x321.jpg","width":845,"height":321,"mime_type":"image\/jpeg","source_url":"https:\/\/acontermica.es\/wp-content\/uploads\/2021\/05\/fachada_sky-845x321.jpg"},"entry_without_sidebar":{"file":"fachada_sky-1210x423.jpg","width":1210,"height":423,"mime_type":"image\/jpeg","source_url":"https:\/\/acontermica.es\/wp-content\/uploads\/2021\/05\/fachada_sky-1210x423.jpg"},"full":{"file":"fachada_sky.jpg","width":1901,"height":1300,"mime_type":"image\/jpeg","source_url":"https:\/\/acontermica.es\/wp-content\/uploads\/2021\/05\/fachada_sky.jpg"}},"image_meta":{"aperture":"0","credit":"","camera":"","caption":"","created_timestamp":"0","copyright":"","focal_length":"0","iso":"0","shutter_speed":"0","title":"","orientation":"0","keywords":[]}},"post":5408,"source_url":"https:\/\/acontermica.es\/wp-content\/uploads\/2021\/05\/fachada_sky.jpg","_links":{"self":[{"href":"https:\/\/acontermica.es\/en\/wp-json\/wp\/v2\/media\/5307","targetHints":{"allow":["GET"]}}],"collection":[{"href":"https:\/\/acontermica.es\/en\/wp-json\/wp\/v2\/media"}],"about":[{"href":"https:\/\/acontermica.es\/en\/wp-json\/wp\/v2\/types\/attachment"}],"author":[{"embeddable":true,"href":"https:\/\/acontermica.es\/en\/wp-json\/wp\/v2\/users\/2"}],"replies":[{"embeddable":true,"href":"https:\/\/acontermica.es\/en\/wp-json\/wp\/v2\/comments?post=5307"}],"wp:attached-to":[{"embeddable":true,"post_type":"page","id":5408,"href":"https:\/\/acontermica.es\/en\/wp-json\/wp\/v2\/pages\/5408"}],"curies":[{"name":"wp","href":"https:\/\/api.w.org\/{rel}","templated":true}]}}

<!-- This site is optimized with the Yoast SEO plugin v27.5 - https://yoast.com/product/yoast-seo-wordpress/ -->
<title>fachada_sky - Servicio Técnico Daikin Málaga. Acontermica.</title>
<meta name="robots" content="index, follow, max-snippet:-1, max-image-preview:large, max-video-preview:-1" />
<link rel="canonical" href="https://acontermica.es/wp-content/uploads/2021/05/fachada_sky.jpg" />
<meta property="og:locale" content="en_US" />
<meta property="og:type" content="article" />
<meta property="og:title" content="fachada_sky - Servicio Técnico Daikin Málaga. Acontermica." />
<meta property="og:url" content="https://acontermica.es/wp-content/uploads/2021/05/fachada_sky.jpg" />
<meta property="og:site_name" content="Servicio Técnico Daikin Málaga. Acontermica." />
<meta property="article:publisher" content="https://www.facebook.com/acontermica" />
<meta property="article:modified_time" content="2021-07-08T17:33:40+00:00" />
<meta property="og:image" content="https://acontermica.es/wp-content/uploads/2021/05/fachada_sky.jpg" />
	<meta property="og:image:width" content="1901" />
	<meta property="og:image:height" content="1300" />
	<meta property="og:image:type" content="image/jpeg" />
<meta name="twitter:card" content="summary_large_image" />
<script type="application/ld+json" class="yoast-schema-graph">{"@context":"https:\/\/schema.org","@graph":[{"@type":"WebPage","@id":"https:\/\/acontermica.es\/wp-content\/uploads\/2021\/05\/fachada_sky.jpg","url":"https:\/\/acontermica.es\/wp-content\/uploads\/2021\/05\/fachada_sky.jpg","name":"fachada_sky - Servicio Técnico Daikin Málaga. Acontermica.","isPartOf":{"@id":"https:\/\/acontermica.es\/#website"},"datePublished":"2021-05-20T18:47:36+00:00","dateModified":"2021-07-08T17:33:40+00:00","breadcrumb":{"@id":"https:\/\/acontermica.es\/wp-content\/uploads\/2021\/05\/fachada_sky.jpg#breadcrumb"},"inLanguage":"en-US","potentialAction":[{"@type":"ReadAction","target":["https:\/\/acontermica.es\/wp-content\/uploads\/2021\/05\/fachada_sky.jpg"]}]},{"@type":"BreadcrumbList","@id":"https:\/\/acontermica.es\/wp-content\/uploads\/2021\/05\/fachada_sky.jpg#breadcrumb","itemListElement":[{"@type":"ListItem","position":1,"name":"Portada","item":"https:\/\/acontermica.es\/en\/"},{"@type":"ListItem","position":2,"name":"EIFS","item":"https:\/\/acontermica.es\/en\/eifs\/"},{"@type":"ListItem","position":3,"name":"fachada_sky"}]},{"@type":"WebSite","@id":"https:\/\/acontermica.es\/#website","url":"https:\/\/acontermica.es\/","name":"Servicio Técnico Daikin Málaga. Acontermica.","description":"Climatización, Aire acondicionado, Málaga","potentialAction":[{"@type":"SearchAction","target":{"@type":"EntryPoint","urlTemplate":"https:\/\/acontermica.es\/?s={search_term_string}"},"query-input":{"@type":"PropertyValueSpecification","valueRequired":true,"valueName":"search_term_string"}}],"inLanguage":"en-US"}]}</script>
<!-- / Yoast SEO plugin. -->

fachada_sky - Servicio Técnico Daikin Málaga. Acontermica.

Servicio Técnico Daikin Málaga. Acontermica.

Climatización, Aire acondicionado, Málaga
